uppose -3*q + 114 = 2*q - 3*t, 3*t + 90 = 4*q. Suppose -5*n + 82 = 3*i + 5, 0 = 3*i + 3. What is the highest common factor of q and n?
8
Suppose -4*k = -0*k + 8, 5*q - 4*k - 108 = 0. Let f(j) = -j**3 - j**2 - j + 30. Let s be f(0). Calculate the greatest common factor of s and q.
10
Let l = -339 - -106. Let v = -164 - l. Calculate the greatest common divisor of v and 23.
23
Suppose -17 = -l + 3*i, 29 = 3*l + i + i. Let y be l + 2 + (-1 - 3). Calculate the greatest common divisor of 45 and y.
9
Suppose 12 = 4*f, -2*b + 2*f + 25 = -71. Calculate the greatest common divisor of b and 561.
51
Suppose 4*m = -5*q + 1, q + 4*m + 1 = -2*q. Suppose -q = w - 7. Calculate the highest common factor of w and 4.
2
Let z be 0 - (-2 - -1 - 3). Suppose 0*c = 2*c + 5*n - 13, 5*n = -c + z. Calculate the highest common divisor of 9 and c.
9
Suppose 0*c - 3*c + 648 = 0. Calculate the highest common factor of 27 and c.
27
Let p(b) = -5*b. Let v = 4 + -7. Let k be p(v). Calculate the highest common divisor of k and 30.
15
Suppose -20*g - 80 = -24*g. Let j(s) = 30*s**2 + s - 1. Let z be j(1). What is the highest common divisor of z and g?
10
Suppose -5*h - 17 - 18 = 0. Let s(r) be the first derivative of -r**2/2 - 5*r - 3. Let f be s(h). Calculate the highest common factor of 14 and f.
2
Suppose -3*r + 3*a = -54, 3*r + 2*a - 36 = r. What is the greatest common divisor of 54 and r?
18
Let r(b) = b**3 - 7*b**2 + b - 5. Let u be r(7). Suppose u*l - 22 + 4 = 0. What is the greatest common divisor of l and 18?
9
Suppose -f + 14 = -2. What is the greatest common factor of 24 and f?
8
Let b(t) = t**3 - 5*t - 7*t**2 + 2*t**2 + 0*t**2 + 2 + t**2. Let f be b(5). Suppose f*g + 20 = 100. Calculate the highest common factor of 5 and g.
5
Suppose 2*o - 16 = -5*i, -4*i + 0*o = o - 14. Suppose -9 + 5 = -i*t. What is the greatest common divisor of t and 1?
1
Let o be (-54)/(-8) - 1/(-4). Let d(x) be the first derivative of 4*x**3 + x**2 - 3*x - 1. Let u be d(2). What is the highest common divisor of u and o?
7
Let m be 1 + 1/(-1) + 88. Let z = 4 + -2. Let j = 13 - z. Calculate the highest common divisor of j and m.
11
Let k = -27 + 29. Calculate the greatest common divisor of 6 and k.
2
Suppose -2*p = -18*p + 480. Let g(s) = -1 - 2*s**2 + 0 + 9*s**2. Let y be g(1). What is the greatest common factor of y and p?
6
Let i be (-16)/48*(-18)/1. Calculate the greatest common factor of 96 and i.
6
Let n be 3 - 2 - (-3)/1. Suppose -f + 3*f - 36 = -5*t, n*t = 8. Suppose 28*b - 32*b = -156. What is the highest common divisor of b and f?
13
Suppose 3*l + v + 29 = 6*v, 0 = 2*v - 8. Let o(j) = -3*j + 4. Let s be o(l). Let h = -7 + 59. What is the highest common divisor of h and s?
13
Let z = -161 + 202. Calculate the highest common divisor of 328 and z.
41
Let k(m) = m**3 + 6*m**2 - 11*m - 10. Let n be k(-7). Suppose 5*j = 3*j + 18. Let y be j + (-1 - 1/(-1)). What is the greatest common factor of y and n?
9
Let t = -178 + 190. Suppose d + 4*b - 24 = 0, 3 = -2*d + 2*b + 1. What is the greatest common divisor of d and t?
4
Suppose -18*o = -13*o - 225. Calculate the highest common divisor of 495 and o.
45
Suppose 0 = 3*d - 10 - 2. Suppose -b + 1217 = d*y - 13, 5*b + 10 = 0. What is the highest common divisor of y and 28?
28
Let i(x) = 2*x**2 + 9*x - 17. Let v be i(-7). What is the greatest common factor of 27 and v?
9
Let o = -10 + 14. Calculate the greatest common divisor of 10 and o.
2
Let g = -17 - -18. Let j(h) = -28*h - 11 + 3 + 30*h. Let n be j(6). Calculate the highest common factor of g and n.
1
Let l(y) = -2*y**2 - 15*y - 7. Let u be l(-6). Let a be (-5)/(15/6) - -24. What is the greatest common divisor of u and a?
11
Let v = 12 + 24. What is the highest common factor of v and 4?
4
Suppose 5*z = 2*z + 150. Suppose z = s + 4*s. Let n = 11 + 79. Calculate the highest common factor of n and s.
10
Let v(j) = -j**2 - 13*j - 7. Let l be v(-12). Suppose l*m + 6 = 36. What is the greatest common divisor of 2 and m?
2
Let x be (-77)/14*(-2 + -44). Calculate the highest common factor of x and 23.
23
Let z be -1 - 6/(6/(-3)). Suppose z*c + 31 = 7. Let q = c - -19. Calculate the greatest common divisor of q and 42.
7
Let y be -155*(4 - 2 - 3). Calculate the greatest common factor of y and 31.
31
Let r(z) be the second derivative of -5/6*z**3 + 1/6*z**4 - 7/2*z**2 + 0 + z. Let k be r(5). What is the highest common factor of k and 45?
9
Suppose 8 - 65 = -p. Let q be 117/(-6)*(-8)/(-6). Let x = 64 + q. What is the highest common divisor of x and p?
19
Let p be -8 - -2*4/(-8). Let r be 2/p + (-1888)/(-72). Calculate the greatest common divisor of r and 39.
13
Let y be 124 - (2 - (1 - 3)). What is the greatest common divisor of 30 and y?
30
Let i be (19/(-3) + 3)*-18. Let g(h) = 2*h + 24. Let w be g(0). Calculate the highest common divisor of i and w.
12
Suppose m = -2*m + 69. Let d be 46*((-39)/(-6) + -2). Calculate the greatest common factor of m and d.
23
Let t = -41 + 59. What is the highest common factor of 18 and t?
18
Let j = 4 - 20. Let s be (3 + j/(-2))*5. What is the greatest common factor of s and 22?
11
Let k(r) = -r**3 - 21*r**2 - 20*r + 60. Let x be k(-20). Calculate the greatest common factor of x and 15.
15
Let b be 2/(-8) + (-105)/(-20). What is the greatest common factor of b and 40?
5
Let r(j) = j**2 - 6*j. Let u be r(6). Suppose 2*g + 5*b = 18 + 11, 3*g - 3*b - 33 = u. Let s = 142 - 58. What is the greatest common divisor of g and s?
12
Let i be (37 + -1)*(7 + (-3)/3). Calculate the highest common divisor of i and 27.
27
Suppose -2*t + 48 + 60 = 0. Calculate the highest common divisor of t and 6.
6
Let z be 1 + 0 - (1 + -10). Suppose k - 106 - 42 = -5*t, -4*t = -k - 122. Calculate the highest common divisor of z and t.
10
Let h be (27/(-6) - -3)*-12. Calculate the greatest common factor of h and 2.
2
Suppose 8*i = 5*i - 27. Let f(k) = -k**2 - 11*k - 6. Let g be f(i). What is the highest common factor of g and 8?
4
Suppose -5*p + 294 = 1929. Let l = p - -459. Calculate the greatest common divisor of l and 12.
12
Let u be (252/(-30))/(2/(-10)). What is the greatest common factor of u and 42?
42
Let m = 43 + -33. What is the highest common divisor of 100 and m?
10
Let m be (-141 + 1)*4/(-10). Suppose 4*z + 9 = -23. Let r be (-2)/z - (-54)/8. Calculate the highest common factor of m and r.
7
Let a(c) = -c**3 + 9*c**2 + 11*c - 3. Let r be a(10). What is the greatest common divisor of 7 and r?
7
Let d be ((-2)/4)/((-1)/224). Suppose 0*t + 4*t = 48. Suppose i + 3 = 0, -2*i - 2 = z - t. What is the greatest common factor of z and d?
16
Suppose -2*b = -0*b - 44. Let p = 126 - -72. What is the greatest common factor of b and p?
22
Suppose 0 = -3*v + 2*v. Let q be -2 + (-3 - v) + -3. Let b be q/12 + 34/6. Calculate the highest common divisor of b and 5.
5
Let b(x) = -x**3 + 10*x**2 - 8*x - 7. Let j be b(9). Let f(q) = -q**2 + 3*q + 1. Let n be f(j). Let p = n - 2. What is the highest common divisor of p and 11?
1
Suppose -n = -m + 8, -n - 18 = 4*m - 7*m. Let k(s) = s**2 - 5*s + 6. Let a be k(m). What is the greatest common factor of a and 48?
6
Let h(p) = -p + 93. Let j be h(0). What is the highest common factor of 31 and j?
31
Let d(p) = p**2 + 3*p + 4. Let i be d(6). Calculate the greatest common factor of 29 and i.
29
Let r(j) = -10*j - 23. Let b be r(-6). Calculate the highest common factor of b and 111.
37
Suppose -4*p = -5*v + 920, -2*v - 3*p = -v - 165. Suppose 0*a + 2*a = v. Calculate the highest common factor of 10 and a.
10
Let h(o) = -2*o - 6. Let k(l) = 2*l + 6. Let z(x) = -7*h(x) - 6*k(x). Let b be z(5). Let c = -10 - -14. What is the greatest common factor of c and b?
4
Suppose 5*o + 14 = -2*t, 2*t - o = t + 7. Calculate the highest common divisor of t and 12.
3
Let h(j) = j**2 + 5*j + 7. Let d be h(-4). Suppose 5*v = d*s - s - 110, -2*s - 4*v = -110. Calculate the highest common factor of 11 and s.
11
Let p be 4/(12/39) - (0 - -3). What is the greatest common factor of p and 80?
10
Suppose 6 = 2*m - 4*d, -4*d - d + 10 = 0. Let l = 3 - -4. Calculate the highest common divisor of l and m.
7
Let t = 18 - -38. What is the highest common factor of t and 616?
56
Let b = 46 - 21. Calculate the highest common factor of b and 200.
25
Let b(r) = 2*r**2 - 5*r + 2. Suppose -4*u + 19 = -21. 